2, 3, 13
Let c(s) = 6*s + 125. Let m(g) = -12*g - 256. Let r(p) = 9*c(p) + 4*m(p). What are the prime factors of r(20)?
13, 17
Let h be (-18)/45 - (-1113)/(-5). Suppose 2*a - 5*i - 731 = 0, -5*i + 844 = 2*a + 83. Let z = a + h. List the prime factors of z.
2, 3, 5
Let a(t) be the third derivative of -t**4/12 + 8*t**3/3 + 4*t**2. Suppose 3*o + 12 = -2*b + 6, 0 = 3*o + 3*b + 3. List the prime factors of a(o).
2, 3
Let x = 48 + -26. Let b be (x/6)/((-8)/(-96)). Suppose k = 6*k - h - 241, -k + b = 4*h. List the prime factors of k.
2, 3
List the prime factors of (32/(-24))/((-72)/3099006).
57389
Let c be (-2 - -3)/((40/15)/8). Suppose 3*y = c*u + 123 + 966, 5*y - 1812 = 4*u. What are the prime factors of y?
2, 3, 5
Let x = 8128 + 3361. List the prime factors of x.
11489
Suppose -29*z - 26*z = -25*z - 236490. List the prime factors of z.
7883
Let x = -14783 - -31068. What are the prime factors of x?
5, 3257
Let a = -30 + 26. Let r be 1 + (-24 - a) + -2. List the prime factors of -3*2/r*7.
2
Let y(g) = 127*g + 11. Let v be y(5). Let f = -151 + v. Suppose 2*t - 140 = 2*h + 174, f = 3*t + 5*h. List the prime factors of t.
2, 5
Let i = -11 + 13. Let z be 708/i + 0 + 2. Suppose -z = -3*p - 131. List the prime factors of p.
3, 5
Suppose 4*j - 140676 = -3*q, 2*j = 5*j - 18*q - 105507. What are the prime factors of j?
3, 19, 617
Suppose 2*h = 5*h - 2*m - 1001, -5*h = -3*m - 1667. Suppose h = 3*p + 52. What are the prime factors of p?
3, 31
Suppose -5*d - 4*a + 26 = 0, -42 + 54 = -2*d + 4*a. Suppose -3 = -5*o + 2. Suppose -5*u - x = -d*x - 961, -o = x. List the prime factors of u.
2, 3
Suppose 2*g + 2*f - 4 = 5*f, 6 = 3*g - 5*f. Suppose 0 = g*c - 0*c + 5*q - 629, 0 = -5*q - 15. List the prime factors of c.
2, 7, 23
Let q be 6*3*3005/30. Let w = q + -1021. Suppose 4*p + d + w = 7*p, 4*p = 5*d + 1028. What are the prime factors of p?
2, 131
Let b = -18766 - -21162. List the prime factors of b.
2, 599
Suppose 566*w - 562*w - 20176 = -4*b, -3*w + 2*b = -15142. What are the prime factors of w?
2, 3, 29
Suppose -5*w = -20, -v - 6*w = -2*w - 54. Suppose -4*f = -4*z + 2756, -4*z = -2*f - 1876 - 882. Suppose -v*n = -41*n + z. What are the prime factors of n?
2, 5, 23
Let l(m) = -m**3 - 65*m**2 + 318*m + 1247. What are the prime factors of l(-76)?
5, 8123
Let q = 32375 - 6822. What are the prime factors of q?
11, 23, 101
Let p(w) = 3*w**2 + 4*w - 2. Let m be p(-5). Let k be 69/(-230) + 46/20. Suppose -215 = -k*i - m. What are the prime factors of i?
3
What are the prime factors of 1883/((-20)/(-16)*8/30)?
3, 7, 269
Let g(i) = -27*i**3 - 4*i**2 - 12*i - 9. Let z = 129 + -132. What are the prime factors of g(z)?
2, 3, 5
Suppose 37 = -8*h + 5. Let a(i) = -i**3 - 5*i**2 - 6*i - 4. Let b be a(h). List the prime factors of b/10*(-1 + 21).
2
Suppose 4*f - 4*i = 328800, -32 = -20*i + 24*i. List the prime factors of f.
2, 11, 467
List the prime factors of 8*-2*2507414/(-2576).
2, 13, 599
Let v be (2 - (3 + 2)) + 6. Let z be 85/(-10)*-10*5. Suppose u - v*h = -u + 170, 5*u + 3*h - z = 0. List the prime factors of u.
5, 17
Let o be (2 - (-9)/(-6))/((-33)/(-1650)). Suppose -o*d = -6*d - 17784. List the prime factors of d.
2, 3, 13
Suppose 14399 = 5*z + 1944. Let c = z - 1426. Suppose 720 = 7*s - c. List the prime factors of s.
3, 5, 17
Let s(o) = 177*o**3 - 5*o**2 - 6*o - 46. List the prime factors of s(5).
2, 3, 7, 29
Let q = -12825 + 21995. List the prime factors of q/(8 + -1) + -7.
1303
Suppose 5*j - 17*a + 20*a = 83044, 49834 = 3*j - 2*a. List the prime factors of j.
2, 5, 11, 151
Suppose -3*x - 7*x = -2240. Let h = 228 - x. What are the prime factors of h?
2
Suppose -13*j - 1852 = -6649. Let t(p) = -p**3 + 4*p**2 + 3. Let g be t(4). Suppose 6*h = g*h + j. List the prime factors of h.
3, 41
Suppose -1851957 - 110196 = -86*g + 1070551. List the prime factors of g.
2, 19, 29
What are the prime factors of 37*(-13 - -46 - -14)?
37, 47
Let m(u) = 4*u**2 + 3*u - 22. Let q be m(-3). Let w(r) = 180*r + 23. What are the prime factors of w(q)?
13, 71
Let z(a) = -42*a**2 - 1392*a - 40. List the prime factors of z(-18).
2, 23, 31
Suppose -37*b - 6*z + 268743 = -32*b, 2*z = 4*b - 215042. List the prime factors of b.
3, 11, 181
Let g = 80332 + -18854. What are the prime factors of g?
2, 59, 521
Suppose 4*v - v + 15 = -k, 3*k - 4*v - 20 = 0. Suppose k = m + 16. What are the prime factors of (130/4)/((-8 - -4)/m)?
2, 5, 13
Suppose 0 = 7*f + 8 - 15. Suppose -1 + f = -2*l. Suppose p + 2*v - 195 = l, 2*p - v - 390 = 4*v. What are the prime factors of p?
3, 5, 13
Suppose -6*d + 2651 = -18373. List the prime factors of d.
2, 3, 73
Let g(u) = -u**2 - 29*u - 29. Let l be g(-28). Let m(j) = -13*j - 2. Let t be m(l). Suppose -t*y + 670 = -6*y. List the prime factors of y.
2, 67
Let v(s) = s**2 + 4*s - 17. Let a be v(6). Let g = a - 35. Let h(p) = 2*p - 3. What are the prime factors of h(g)?
13
Suppose 2*y + 59 - 53 = 0. Let o(j) be the third derivative of -j**6/60 + j**3/6 + 3*j**2. List the prime factors of o(y).
5, 11
Suppose 17*p - 376650 = 5*p - 108894. What are the prime factors of p?
53, 421
Let r(k) = 108*k**2 - 12*k - 42. Let m be r(-6). Suppose -2*s + m = 4*s. What are the prime factors of s?
653
Let r(s) = 4*s**2 - 25*s + 33. Suppose -3*c + 185 = 5*y, -y + 5*c - 135 = -5*y. Let z be (1*3/(-3))/((-4)/y). List the prime factors of r(z).
3, 61
Suppose -2*t + 4*t = -2*r + 100812, 100868 = 2*r + 16*t. What are the prime factors of r?
2, 11, 29, 79
Suppose -q - 1560 = -y, y = -2*q + 119 + 1444. List the prime factors of y.
7, 223
Suppose -f - x = 3*x + 12, -65 = 4*f - x. What are the prime factors of (22/f)/((-13)/104)?
11
Let b(y) be the second derivative of y**4/3 - 5*y**3/3 + 59*y**2/2 + 36*y. List the prime factors of b(9).
293
Suppose 5*q - 2*p + 14 = 0, 8 = 4*q - 6*q + 2*p. Let u be 299/46 + 3/q. Suppose -3*v + 415 = u*m, 0*v = m - 4*v - 60. List the prime factors of m.
2, 5
Suppose 160489 + 1195661 = 6*y + 44*y. List the prime factors of y.
3, 9041
List the prime factors of (5 - -2 - 45573)/2*10/(-10).
22783
Suppose 13*y - 9*y = 2*j + 44716, -2*j + 33558 = 3*y. List the prime factors of y.
2, 5591
What are the prime factors of (-150)/(-975) + (-340975)/(-13) - -10?
19, 1381
Let p be (-12)/9*45/(-20). Suppose -3*j = p*z - 1887 + 105, -z = 5*j - 2978. List the prime factors of j.
2, 149
Let f = 110507 - 69122. What are the prime factors of f?
3, 5, 31, 89
List the prime factors of -4705*11/((-825)/30).
2, 941
Let a(w) = -17*w - 162. Let q be (-12)/(-18)*-18 + 0. What are the prime factors of a(q)?
2, 3, 7
Let o(i) = 14 - 81*i**2 + 36*i**2 + 58*i**2 - i**3 - 8*i. Let n be o(6). Let q = n - 130. List the prime factors of q.
2, 11
Let h(z) = -2*z**3 - 51 + 187*z - 560*z + 182*z + 176*z + 51*z**2. What are the prime factors of h(25)?
199
Let c be (4*2/(-6))/(8/192). Let n be -2 + (-3)/(12/c). Suppose n = -0*v + 2*v. What are the prime factors of v?
3
Let d(b) be the third derivative of 23*b**5/60 - b**3 + 43*b**2. Let n be d(-2). Suppose -2*h + n = -50. What are the prime factors of h?
2, 17
Suppose 17*v - 12*v + 220 = 0. Let b = v + 42. List the prime factors of (-64)/36 - b - 536/(-18).
2, 3, 5
Let m be 70/(-4) - (-48)/32. Let o = -18 - m. What are the prime factors of o/(-6) + 832/24?
5, 7
Let o(k) = 111*k**2 - 40*k + 339. What are the prime factors of o(7)?
2, 2749
Let a(m) = 571*m**2 + 8*m + 4. Let y be a(3). Suppose -y = -5*l + 3*o, o + 3163 = 5*l - 1996. List the prime factors of l.
1031
Suppose 4*z + 70 = 5*v, -2*v + 24 = -4*z - 4. What are the prime factors of ((-2396)/v)/(10/(-70))?
2, 599
Let l be (-5)/((-20)/(-6))*(-150)/15. Suppose 0 = l*n - 11*n - 2352. List the prime factors of n.
2, 3, 7
Let x(t) = 24*t - 19. Let m be x(-3). Let a = m + 135. List the prime factors of a.
2, 11
Suppose -9*z + 6*z = -4*q - 72, 4*z - 86 = 2*q. Suppose -5*p + z*p - 2895 = 0. List the prime factors of p.
193
Let l(r) = -r. Let d(a) = -434*a + 17. Let p(y) = d(y) + 6*l(y). List the prime factors of p(-3).
7, 191
Suppose -73968 - 110714 + 54955 = -13*m. List the prime factors of m.
17, 587
Let y be 8 + (0 - (6/(-2) - -2)). Suppose 3*h + 18 = 3*r, y*r = 6*r + 2*h + 13. Let m(s) = 158*s**2 + 2*s. List the prime factors of m(r).
2, 5
Let z(f) = 10*f**2 + 20*f - 21. Let j(b) = -10*b**2 - 21*b + 22. Let k